- 28. Give r(12).
-4
Let q(v) = v**2 - 5*v - 11. Determine q(9).
25
Let t(q) = -73*q**3 - q + 1. Determine t(1).
-73
Let l(u) = -5*u - 3. What is l(6)?
-33
Let c(s) = -s**2 - 9*s - 7. Determine c(-5).
13
Let g(v) = v**3 - 4*v**2 + 4*v + 7. Determine g(4).
23
Let v(x) = x**2 - 44*x - 4. What is v(44)?
-4
Let o(n) = 5*n**2 - 6*n + 8. Calculate o(4).
64
Let o(t) = -t**3 - 9*t**2 - 6. Give o(-9).
-6
Let g(s) = 41*s + 415. Give g(-10).
5
Let s(t) = -t**3 + 11*t**2 - t - 6. What is s(11)?
-17
Let o(v) = -v**3 - 11*v**2 - 6*v + 29. Calculate o(-7).
-125
Let h(g) = 57*g**2 - 7*g - 7. Determine h(-1).
57
Let f(i) = -i**2 - 20*i + 43. Determine f(-20).
43
Let h(b) = -9*b - 14. Give h(0).
-14
Let u(y) = y - 27. What is u(9)?
-18
Let l(i) = -i**2 + 22. Determine l(-10).
-78
Let l(x) = -28*x + 136. Give l(5).
-4
Let s(h) = -h**2 + 37*h + 136. What is s(40)?
16
Let d(w) = -3*w - 9. Calculate d(-5).
6
Let u(x) = -8*x**2 + 1. Determine u(-1).
-7
Let a(c) = c**2 + 18*c - 189. Give a(7).
-14
Let d(j) = -4*j**2 + 14. Determine d(0).
14
Let y(n) = 5*n**2 + 31*n - 12. What is y(-8)?
60
Let d(b) = -b**3 - 12*b**2 - 33*b + 10. Determine d(-8).
18
Let c(l) = l**2 - 4*l + 2. Determine c(2).
-2
Let s(u) = -2*u - 27. Give s(-14).
1
Let l(m) = 60*m - 246. Calculate l(4).
-6
Let w(k) = -k**2 - 9*k - 1. Determine w(-7).
13
Let j(s) = -4*s**2 - 16*s + 5. Calculate j(-7).
-79
Let b(j) = j**2 + 16*j - 24. Calculate b(-15).
-39
Let k(l) = -2*l + 5. What is k(0)?
5
Let l(a) = a**3 + 9*a**2 - 50*a - 1. What is l(4)?
7
Let q(g) = 6*g - 10. Determine q(8).
38
Let g(w) = -5*w**2 - 2*w + 3. Determine g(1).
-4
Let m(n) = n**3 - n**2 - 4*n + 1. Determine m(4).
33
Let l(z) = 7*z + 116. Determine l(-14).
18
Let o(i) = -2*i**2 - 7*i + 28. Determine o(-8).
-44
Let r(c) = -3*c - 8. Determine r(2).
-14
Let p(l) = 2*l**3 + 12*l**2 + l + 2. What is p(-6)?
-4
Let w(o) = 4*o - 13. What is w(6)?
11
Let b(d) = -2*d**2 - 3*d + 3. Calculate b(-3).
-6
Let x(y) = 28*y**3 - y**2. What is x(-1)?
-29
Let s(t) = -2*t**2 + 8*t - 6. Calculate s(4).
-6
Let y(r) = r**3 + 9*r**2 - 5*r + 2. What is y(-8)?
106
Let y(c) = 2*c**3 - 8*c**2 - 8*c - 2. Determine y(5).
8
Let w(f) = -3*f - 24. What is w(-10)?
6
Let w(p) = 11*p - 101. Give w(10).
9
Let s(i) = 6*i + 271. Determine s(-46).
-5
Let f(q) = q**2 + 10*q - 22. Give f(-12).
2
Let v(z) = -z**2 - 28*z - 52. Calculate v(-26).
0
Let t(g) = -g**3 - 4*g**2 - 3*g - 8. Determine t(-4).
4
Let s(d) = 2*d - 3. What is s(2)?
1
Let j(m) = m + 7. Give j(6).
13
Let c(g) = g**3 + 2*g**2 + 16*g + 27. Determine c(-2).
-5
Let y(w) = -2*w**3 - 43*w**2 - 20*w + 13. Calculate y(-21).
-8
Let r(j) = -j. Give r(6).
-6
Let s(n) = 4*n**2 - n + 7. What is s(0)?
7
Let l(r) = r**3 - 2*r**2 - r - 5. Determine l(3).
1
Let y(k) = k**3 + 17*k**2 + 19*k + 38. Calculate y(-16).
-10
Let v(h) = h**3 + 9*h**2 - 5. Give v(-9).
-5
Let m(f) = 2*f**2 + 36*f + 5. What is m(-15)?
-85
Let j(h) = -h**3 - 29*h**2 + 58*h - 66. Determine j(-31).
58
Let f(c) = c + 10. Give f(7).
17
Let f(g) = g**3 - 2*g**2 - g. Give f(0).
0
Let w(s) = 3*s**2 - 3*s + 6. Determine w(3).
24
Let q(k) = 12*k + 50. Give q(-2).
26
Let n(w) = w. What is n(20)?
20
Let d(c) = -c**3 - c**2 - 2*c + 6. Calculate d(0).
6
Let z(p) = -p**3 + 5*p**2 + 6*p - 4. What is z(6)?
-4
Let y(u) = 7*u**3 - 2*u**2. Determine y(-1).
-9
Let d(m) = -2*m**2 - 15*m + 28. What is d(-9)?
1
Let v(c) = -c**3 + 18*c**2 + 61*c + 26. Calculate v(21).
-16
Let w(f) = f**3 + 20*f**2 - 45*f - 20. What is w(-22)?
2
Let v(w) = -w**2 - 4*w - 9. Determine v(-6).
-21
Let q(u) = 6*u**3 + u**2 + 2*u + 1. Calculate q(-1).
-6
Let u(p) = 5*p - 270. What is u(53)?
-5
Let c(p) = -11*p**3 + 5*p**2 - 1. Determine c(1).
-7
Let s(k) = -2*k**2 - 34*k + 21. Calculate s(-17).
21
Let j(p) = -p + 16. Determine j(10).
6
Let j(b) = -21*b - 1. Calculate j(-1).
20
Let w(z) = -9*z - 100. Give w(-16).
44
Let f(a) = a**3 + 15*a**2 - 17*a - 10. Calculate f(-16).
6
Let o(k) = k - 3. Give o(-7).
-10
Let b(p) = -p**2 - 7*p - 5. What is b(-5)?
5
Let c(p) = -p**3 - 10*p**2 - 9*p + 13. Determine c(-9).
13
Let v(m) = -15*m + 46. What is v(-8)?
166
Let s(k) = 5*k + 49. Give s(-11).
-6
Let w(i) = -i**3 - 11*i**2 + 6. Calculate w(-11).
6
Let c(r) = 12*r + 13. What is c(-3)?
-23
Let p(l) = -7*l - 2. Calculate p(1).
-9
Let w(d) = -d**3 + 5*d**2 - 2*d - 5. Determine w(5).
-15
Let b(l) = 5*l**3 - 2*l**2 + 4*l - 1. Determine b(1).
6
Let r(x) = -2*x**3 - 10*x**2 - 6*x - 7. What is r(-5)?
23
Let m(h) = -3*h - 2. Calculate m(-2).
4
Let f(s) = -s**3 + 5*s**2 - 4. Calculate f(3).
14
Let q(u) = -u**2 - 16*u - 33. What is q(-10)?
27
Let y(j) = 3*j + 37. What is y(-10)?
7
Let w(z) = -z**3 - z**2 + 3*z + 3. Calculate w(3).
-24
Let h(x) = x**2 - 3*x + 1. Give h(2).
-1
Let f(c) = 4*c + 7. Determine f(-10).
-33
Let i(d) = -13*d**3 + 2*d + 1. Determine i(-1).
12
Let b(k) = -2*k**2 - 17*k - 43. Calculate b(-5).
-8
Let q(k) = k**3 - 11*k**2 + 11*k - 15. Give q(10).
-5
Let h(x) = -x**2 - 13*x + 145. Determine h(-20).
5
Let m(c) = 14*c - 73. What is m(7)?
25
Let p(l) = 6*l - 34. What is p(1)?
-28
Let o(s) = -2*s - 110. Determine o(-31).
-48
Let i(a) = 3*a**2 + 4*a - 15. Determine i(-3).
0
Let x(a) = -10*a + 4. Determine x(3).
-26
Let n(s) = -s**3 - 8*s**2 - s - 4. What is n(-8)?
4
Let g(b) = -b**2 + 11*b + 28. What is g(-2)?
2
Let k(o) = -2*o**3 + 11*o**2 + 8*o + 2. What is k(6)?
14
Let f(z) = 3*z + 33. What is f(-16)?
-15
Let j(s) = s**2 - 11*s + 4. Determine j(11).
4
Let w(g) = -23*g - 24. What is w(-1)?
-1
Let y(l) = 2*l**2 - 54*l - 133. Determine y(29).
-17
Let v(g) = g**2 - 2*g - 12. What is v(5)?
3
Let n(q) = -27*q - 363. What is n(-14)?
15
Let t(c) = 2*c - 6. What is t(3)?
0
Let i(u) = -5*u + 267. Give i(57).
-18
Let l(z) = -z**3 - 6*z**2 + 14*z - 17. Give l(-8).
-1
Let t(n) = -65*n**3 + 2*n**2 - 1. Calculate t(-1).
66
Let p(b) = -b**2 - 12*b + 80. Calculate p(5).
-5
Let o(a) = -a**3 - 8*a**2 + 11*a + 6. What is o(-9)?
-12
Let z(k) = -88*k + 617. Determine z(7).
1
Let l(h) = -h**3 - 9*h**2 - 3*h - 3. What is l(-4)?
-71
Let m(s) = -2*s**2 - 29*s - 6. Give m(-14).
8
Let c(n) = 4*n + 2. Give c(-2).
-6
Let n(g) = -g**3 - 3*g**2 + 6*g - 7. Calculate n(-5).
13
Let w(b) = -4*b - 41. Determine w(-6).
-17
Let u(q) = 2*q**2 + 12*q + 7. Give u(-5).
-3
Let y(u) = 3*u + 19. Determine y(-7).
-2
Let s(k) = -k**2 + 6*k + 16. Determine s(7).
9
Let h(j) = -2*j**2 + 18*j - 8. Give h(6).
28
Let i(p) = 7*p + 19. Calculate i(6).
61
Let c(v) = -2*v + 2. Give c(-5).
12
Let c(b) = 3*b + 2. Give c(-4).
-10
Let y(t) = -39*t - 1. Calculate y(1).
-40
Let p(g) = g**3 + 13*g**2 + 12*g + 4. What is p(-12)?
4
Let i(c) = -c**2 + 2*c + 8. Calculate i(0).
8
Let i(h) = -h**3 + 10*h**2 - 13*h + 7. Give i(8).
31
Let g(w) = w**2 + 3*w. What is g(-3)?
0
Let c(f) = -2*f + 28. Give c(19).
-10
Let x(l) = -223*l - 3120. What is x(-14)?
2
Let y(i) = -i**3 + 3*i**2 + 2*i - 1. Give y(-2).
15
Let y(n) = -n**3 + 3*n**2 + 13*n - 2. Determine y(6).
-32
Let v(q) = -53*q - 107. What is v(-3)?
52
Let q(f) = 57*f - 119. What is q(2)?
-5
Let t(l) = -l**3 - 3*l**2 + 71*l + 8. Determine t(-10).
-2
Let y(q) = -q - 2. Calculate y(0).
-2
Let m(r) = -35*r - 41. Give m(-1).
-6
Let t(i) = -2*i**3 - i**2 - i + 31. What is t(0)?
31
Let y(w) = -4*w**3 - 45*w**2 + 36*w - 9. Give y(-12).
-9
Let a(j) = j**2 - 21*j + 34. Calculate a(22).
56
Let r(s) = -s - 10. Determine r(0).
-10
Let g(f) = -10*f - 70. Calculate g(-6).
-10
Let z(i) = 19*i + 1. Determine z(1).
20
Let m(j) = -33*j**2 + 3*j + 3. Determine m(-1).
-33
Let t(j) = j**2 - 27*j + 45. Calculate t(9).
-117
Let o(t) = -24*t - 3. Calculate o(2).
-51
Let b(u) = 3*u + 59. Give b(-26).
-19
Let k(j) = -j**2 + 10*j - 19. Give k(4).
5
Let c(t) = 8*t + 101. Determine c(-11).
13
Let u(o) = o**3 + 6*o**2 - o - 12. What is u(-5)?
18
Let v(p) = -p**3 + 9*p**2 + 10*p - 4. Determine v(10).
-4
Let f(o) = -3*o**2 - 40*o - 16. Calculate f(-13).
-3
Let q(m) = -m**2 + 11*m - 24. Give q(11).
-24
Let c(n) = -n - 13. What is c(-13)?
0
Let y(w) = w**2 + 8*w - 7. Determine y(-8).
-7
Let x(a) = -2*a**3 - 15*a**2 - 26*a. Give x(-3).
-3
Let a(i) = 18*i**2 - 40*i + 5. Give a(2).
-3
Let d(i) = 15*i + 1. Determine d(3).
46
Let q(l) = -l**3 + 14*l**2 - 23*l - 6. What is q(12)?
6
Let w(o) = 31*o - 20. Give w(-2).
-82
Let o(z) = 3*z**2 - 8*z + 1. Give o(4).
17
Let w(